i + 4*v - 2, 2*v = 6. Let z be 8/i + -3 + 2. Give b(z).
4
Let i(p) be the third derivative of -7*p**4/24 + p**3/3 - 9*p**2. Determine i(2).
-12
Let w(c) = 5*c**3 - c. Suppose -3*x + 0*x + 12 = 0, 4*n + 3*x - 8 = 0. Let p = 2 - n. Let y be -2 - -4 - (0 + p). Calculate w(y).
-4
Let r(l) be the third derivative of -7/24*l**4 + 0*l - l**2 - 1/15*l**5 + 0 + 1/6*l**3 + 1/120*l**6. Suppose 4*w = 5*p - p + 4, 4*p = -3*w + 31. Give r(w).
-9
Let i(w) be the third derivative of -w**4/24 + 2*w**3/3 + 24*w**2. Determine i(7).
-3
Suppose -17 = u + 4*b, 5*u - 3*u - 5*b - 31 = 0. Let q(g) be the second derivative of -1/2*g**2 + 0*g**3 + 11/20*g**5 - u*g + 1/6*g**4 + 0. Calculate q(-1).
-10
Let k(o) = -o - 5. Let i(b) = -b**2 + 11*b + 12. Let d be i(12). Suppose 3*f = -d*f. Give k(f).
-5
Let s be -1*(-3)/(3/2). Let g = s - 4. Let q(k) = k + 6*k - 2 - 8*k. Give q(g).
0
Let h(k) = -k - 4. Let l be h(-10). Suppose l = 2*d - 0*d. Let u(g) = 3*g + 2. Give u(d).
11
Let f(w) = -w + 2. Let y be f(2). Let s(p) = -p**2 + 0 + 0 - 6*p + y. Give s(-3).
9
Let v(p) be the first derivative of -p**4/4 + 2*p**3 - 5*p**2/2 - 11. Determine v(5).
0
Let d(q) = -8*q**2 + 2*q + 6. Let x(l) = -l**2 + 1. Let c(r) = -d(r) + 6*x(r). Let o = -8 + 10. Suppose -6 + 2 = -o*m. What is c(m)?
4
Let o(y) = -y**3 - y + 1. Suppose j - 3*l + 5 = 0, 5*l + 3 = -3*j + 2. Calculate o(j).
11
Let k(v) = 5*v + 2. Suppose 0 = 2*u - 11 - 1. Let y = u - 9. What is k(y)?
-13
Suppose 1 = 7*o + 85. Let i(z) = -z**3 - 13*z**2 - 13*z - 8. Give i(o).
4
Suppose 4*z = 2*k + 6, 0*k + 3*k = -3*z. Let l = 54 - 34. Let x(y) = y - 10 + l - 9. Calculate x(k).
0
Let u(z) = z**2 + 5*z + 6. Let k(h) = -3*h + 6. Let o be k(6). Let d = -8 - o. Let x(m) = m**2 - 4*m - 4. Let b be x(d). What is u(b)?
2
Let y(o) = o**2 + 7*o + 2. Let c(s) be the first derivative of -s**4/4 + 5*s**3/3 - 5*s**2/2 - 2*s + 5. Let n be c(4). What is y(n)?
-4
Let g(p) = 4*p + 7. Let h(y) = 3*y + 4 + 3 + y + y. Let l(x) = -4*g(x) + 3*h(x). Let i be l(-6). Let b(u) = -3*u**3 - 2*u**2 - 2*u - 1. Calculate b(i).
2
Let h(l) be the first derivative of -l**4/4 + 4*l**3/3 + 2*l**2 - 16. Give h(5).
-5
Let i(x) = x + 10. Suppose 47*u - 35 = 54*u. Calculate i(u).
5
Let r(q) = -31 + 4*q**3 + 5*q**2 + 35 - q - 5*q**3. Determine r(3).
19
Let x(k) = 0*k**3 - 11*k**2 + 6*k**2 + 2 - k**3. Let n(h) = h**2 - 7*h + 4. Let u be n(6). Let c be ((-15)/6)/(u/(-4)). Determine x(c).
2
Let o(k) be the first derivative of -5*k**2/2 + 2*k - 6. Determine o(-2).
12
Let s(z) be the third derivative of z**6/120 - z**5/30 - z**4/6 + z**3/6 - z**2. Let u = 9 - 6. Let r = u + 0. Calculate s(r).
-2
Let u be ((-30)/18)/((-2)/24). Let o be 3/2*u/6. Let w(l) = l**3 + 5*l**2 - 4 - o*l**2 + 5*l**2. Calculate w(-5).
-4
Let s(o) = o - 3. Let m be s(6). Suppose -m*w + 7 = -2. Let p(i) = 3 - 5*i**w - 3*i + 12*i**2 + 4*i**3 - 16*i**2. Give p(-3).
3
Let o(v) be the third derivative of -v**4/3 + v**3/6 + 15*v**2. What is o(1)?
-7
Let g be (-32)/(-18) + (-20)/(-90). Let a(v) be the third derivative of v**g + 1/12*v**4 + 0*v + 0 + 1/6*v**3. Determine a(-1).
-1
Let l(p) = -p**3 - 4*p**2 - 6*p - 1. Let n(u) = u**3 + 5*u**2 + 6*u. Let h(j) = -2*l(j) - 3*n(j). Determine h(-5).
-18
Let h be (0 + 1)/((-1)/(-3)). Suppose 4 = -5*x - h*i, 5*x = -2*i + 3 - 9. Let c(n) be the first derivative of n**2 + 15. Calculate c(x).
-4
Suppose -2*p + 12 = p. Suppose p*w - 3 = 1. Let i(f) = -1 + w - 3*f - 1. What is i(-1)?
2
Suppose -3*j - 2*u = -3 - 4, 2*j = 2*u + 8. Let n be 3/(-2)*(-5 + j). Let i(o) = o**2 - 2*o. What is i(n)?
3
Let a(m) = -6*m + 5*m - 5*m + 5*m + 1. Let c(q) = -15*q - 7. Let r(g) = -8*g - 4. Let j(w) = 6*c(w) - 11*r(w). Let z(o) = -a(o) + j(o). Give z(-2).
3
Let o(a) = -a**2 - 1. Let j(i) be the third derivative of i**2 - 1/6*i**3 + 0*i**4 + 0*i + 0 - 1/30*i**5. Let r(f) = 3*j(f) - 5*o(f). Calculate r(-3).
-7
Let c(o) = -13*o**3 - o**2. Suppose -3*t = -3*j + 12, 3*t + 19 = j + 5. Calculate c(j).
12
Let k(l) = 2 + 6*l**3 - 7*l**3 - l + 3*l**2 - 2*l**2. Let m be k(0). Suppose 2*a + m = 3*a. Let i(d) = -5*d + 3. What is i(a)?
-7
Let t(y) = -4*y + 1. Let f(a) = -a**3 - 3*a**2 + a + 1. Let c be f(-3). What is t(c)?
9
Suppose 10 = n + 2*i, 2*n + 2*i - 5*i = -8. Let h(z) = 4*z + 2*z**2 + 7 - 10 - 4*z**n. Calculate h(3).
-9
Let r(b) = b - 2. Let n(w) = 2. Let a be (-13)/5 + 6/(-15). Let f(p) = a*r(p) - 4*n(p). Determine f(-3).
7
Let h be 52/182 + (-74)/14. Let p(g) be the third derivative of -5/6*g**3 - 1/60*g**5 + 0*g + 0 - 7/24*g**4 - g**2. Determine p(h).
5
Let d be 3/(33/12 + -2). Let m(w) be the third derivative of 0*w + 0*w**3 + 0 - 2*w**2 - 1/24*w**d - 1/20*w**5. Calculate m(-1).
-2
Let x = 3 + -8. Let b = 11 + x. Let y(o) = -7*o + 7*o - 9 + 2*o. What is y(b)?
3
Let j(k) = k + 12. Let y be j(-5). Let r(i) = i**2 - 8*i + 3. Calculate r(y).
-4
Let z(w) = -w + 1. Let m(h) = -2*h**2 - 3*h + 1. Let f(c) = m(c) - 2*z(c). Let a(p) = 7*p**2 - 1. Let o be a(1). Let q be 3/(-2)*o/9. Calculate f(q).
-2
Let o = -12 + 17. Let c(b) = 2*b**2 - 7*b + 3. Give c(o).
18
Let o(a) be the second derivative of -a**4/24 + 2*a**3/3 + a**2 - 2*a. Let f(w) be the first derivative of o(w). What is f(-5)?
9
Let n(i) be the second derivative of 2*i + 1/2*i**4 - i**3 + 7/2*i**2 - 1/20*i**5 + 0. Suppose -20 = v - 5*v. Calculate n(v).
2
Let f(c) = -c**2 - 6*c + 2. Let y be f(-5). Suppose 0 = l - y + 2. Let d(a) = -a**2 + 3*a + 4. Calculate d(l).
-6
Suppose 0 = 3*v - 0*v. Let w(i) = i - 1 - 3 + v*i. Let m be -1*(3 + -2)*5. Determine w(m).
-9
Let l(h) = 9*h**2 + 2*h + 1. Let k(p) = p + 2. Suppose -2*v + 14 + 14 = 0. Suppose -5*d - v = -c - c, 5*d + 11 = 3*c. Let t be k(c). What is l(t)?
8
Let x be (-4)/(4/(-7))*1. Suppose 0 = -7*j + 2*j, -5 = z - 3*j. Let c = z + x. Let l(g) = -g**2 + 2*g - 2. Give l(c).
-2
Let a(n) = -5*n**3 + 5*n**2 - 3*n - 5. Let w(f) = -6*f**3 + 6*f**2 - 4*f - 6. Let m(t) = 5*a(t) - 4*w(t). Let k = -4 - -6. What is m(k)?
-3
Suppose -2*k = 3*l + 23, 3*k = 5*l - l + 59. Let u(t) = t + 2. Determine u(l).
-9
Let j(u) = -u**2 - 5*u - u**3 + 4*u**2 + 7*u**2 - 10 - 2*u**2. What is j(7)?
4
Let i = -11 + 7. Let g(h) = 3*h**2 + 3*h - 6. Let t(q) = -q**2 - q + 2. Let a(c) = -6*g(c) - 17*t(c). Determine a(i).
-10
Let o(p) = p**2 + 3*p - 4. Suppose 0 = 2*l + l - 12. Let v = l + -10. Let n be -8 - v - 1*2. Give o(n).
0
Let l(z) = 7*z**3 + z - 2. Let u(s) = -8*s**3 + s**2 - s + 2. Let n(k) = 7*l(k) + 6*u(k). Determine n(-5).
18
Let l(n) = -2*n + 6*n - 2 - 5*n + 0. What is l(-1)?
-1
Let f(n) = -n - 1. Suppose -4*m + b = -15, -3 = -4*m - 2*b + 3. Give f(m).
-4
Let q = -3 - -5. Let i be ((-12)/(-4))/(q/(-2)). Let t(j) = -4*j - 9. Let r(l) = -l - 1. Let x(s) = 5*r(s) - t(s). What is x(i)?
7
Suppose 15 = 2*p + p. Let v(x) = x**2 - 7*x + 2. Give v(p).
-8
Let u(n) = 7*n**2 + 11*n - 9. Let z(v) = -20*v**2 - 32*v + 27. Let w(q) = 17*u(q) + 6*z(q). What is w(-7)?
-5
Suppose -4*b - 2 = -22. Let j(t) be the first derivative of 1/2*t**2 + 2 - 2*t. Determine j(b).
3
Suppose -5*i - 2*i - 14 = 0. Let k(n) = -7*n**2 + 4*n - 6. Let d(s) = s**2 - s + 1. Let w(m) = -6*d(m) - k(m). Give w(i).
0
Let f be -5 + 7 - 1*3. Let y be 4 + f + 1*-2. Let r(g) = -2*g**2 + g. Give r(y).
-1
Let c(f) be the third derivative of f**4/24 - 7*f**3/6 - 13*f**2. What is c(3)?
-4
Let k(x) = -2*x + 9. Suppose 0*h - 12 = -2*h. Calculate k(h).
-3
Let c(x) = x**3 + 3*x**2 - 3*x. Let w = 7 + -11. Calculate c(w).
-4
Let l(k) = 7*k**3 + k**2 - k + 1. Let c be 2 - 1/((-1)/(-2)). Let w(j) = j**3 + j**2 + 1. Let v be w(c). Calculate l(v).
8
Let t(i) be the third derivative of 0*i - 2/3*i**3 + 4*i**2 + 0 + 1/60*i**5 + 1/24*i**4. Calculate t(0).
-4
Let r = -3 - -6. Let p = 1 - r. Let l = 5 + p. Let c(h) = h**3 - 3*h**2 - 3*h + 3. Calculate c(l).
-6
Let u(t) be the third derivative of t**5/60 + t**4/12 - t**3/6 + 5*t**2. Give u(2).
7
Let y(u) = u**2 + 4. Let s(g) = -1. Let t(l) = 2*s(l) - y(l). Suppose 20 = k - 4*k - 4*f, 5*f + 25 = -k. What is t(k)?
-6
Let s(x) = 5*x + 1. Let j(m) = -3*m + 2. Let f be j(-2). Let v = f - 9. What is s(v)?
-4
Let i(v) = -10*v - 10. Let f(g) = -5*g - 5. Let h(m) = -5*f(m) + 3*i(m). Give h(-4).
15
Let l(u) = 2*u**2 - 2*u. Suppose -3*c - 15 = 0, -f + 4*c - 4 + 22 = 0. Let y = 5 + f. Suppose p = y*n - 4, -6*n - 2 = -5*p - 2*n. Give l(p).
4
Let c(p) = -p - 